{"id":208,"date":"2014-03-02T04:45:50","date_gmt":"2014-03-02T04:45:50","guid":{"rendered":"http:\/\/www.famaura.com\/blog\/?page_id=2"},"modified":"2014-03-02T04:45:50","modified_gmt":"2014-03-02T04:45:50","slug":"sample-page-2","status":"publish","type":"page","link":"https:\/\/famaura.com.br\/home\/sample-page-2\/","title":{"rendered":"Sobre"},"content":{"rendered":"<p>Meu nome \u00e9 Fabiana , assino como Fa Maura, Maura \u00e9 sobrenome de casada.<br \/>\nSou de Nova Odessa, interior de S\u00e3o Paulo &#8211; &nbsp;Brasil.<\/p>\n<p style=\"text-align: center;\"><a href=\"http:\/\/www.famaura.com\/blog\/wp-content\/uploads\/2014\/03\/fafoto.jpg\"><img fetchpriority=\"high\" decoding=\"async\" class=\"aligncenter  wp-image-1822\" alt=\"fafoto\" src=\"http:\/\/www.famaura.com\/blog\/wp-content\/uploads\/2014\/03\/fafoto.jpg\" width=\"346\" height=\"346\"><\/a><\/p>\n<p>Trabalho desde 2007 com scrapbooking digital.<br \/>\nTodo o meu trabalho \u00e9 voltado para essa arte , ministro cursos na \u00e1rea, crio desenhos personalizados (mascotinhas) , logos, personalizados e artes digitais em geral.<\/p>\n<p>Gosto muito de v\u00e1rios tipos de artesanato e me aventuro no scrap hibrido.<\/p>\n<p>Trabalho em casa, no meu &#8220;scrapcanto&#8221;, um lugar simples, no qual fico in\u00fameras horas, viajando e criando personagens.<\/p>\n<p><center><br \/>\n<iframe src=\"https:\/\/www.youtube.com\/embed\/UYW_MUpKZtg\" height=\"315\" width=\"560\" allowfullscreen=\"\" frameborder=\"0\"><\/iframe><\/center>Fique a vontade no meu blog.<br \/>\nBeijocas<br \/>\nFa<\/p>\n","protected":false},"excerpt":{"rendered":"<p>Meu nome \u00e9 Fabiana , assino como Fa Maura, Maura \u00e9 sobrenome de casada. Sou de Nova Odessa, interior de S\u00e3o Paulo &#8211; &nbsp;Brasil. Trabalho desde 2007 com scrapbooking digital. Todo o meu trabalho \u00e9 voltado para essa arte , ministro cursos na \u00e1rea, crio desenhos personalizados (mascotinhas) , logos, personalizados e artes digitais em geral. Gosto muito de v\u00e1rios tipos de artesanato e me aventuro no scrap hibrido. Trabalho em casa, no meu &#8220;scrapcanto&#8221;, um lugar simples, no qual fico in\u00fameras horas, viajando e criando personagens. Fique a vontade&hellip;<\/p>\n","protected":false},"author":1,"featured_media":0,"parent":0,"menu_order":0,"comment_status":"closed","ping_status":"open","template":"","meta":{"jetpack_post_was_ever_published":false,"footnotes":""},"class_list":["post-208","page","type-page","status-publish","hentry"],"jetpack_sharing_enabled":true,"_links":{"self":[{"href":"https:\/\/famaura.com.br\/home\/wp-json\/wp\/v2\/pages\/208","targetHints":{"allow":["GET"]}}],"collection":[{"href":"https:\/\/famaura.com.br\/home\/wp-json\/wp\/v2\/pages"}],"about":[{"href":"https:\/\/famaura.com.br\/home\/wp-json\/wp\/v2\/types\/page"}],"author":[{"embeddable":true,"href":"https:\/\/famaura.com.br\/home\/wp-json\/wp\/v2\/users\/1"}],"replies":[{"embeddable":true,"href":"https:\/\/famaura.com.br\/home\/wp-json\/wp\/v2\/comments?post=208"}],"version-history":[{"count":0,"href":"https:\/\/famaura.com.br\/home\/wp-json\/wp\/v2\/pages\/208\/revisions"}],"wp:attachment":[{"href":"https:\/\/famaura.com.br\/home\/wp-json\/wp\/v2\/media?parent=208"}],"curies":[{"name":"wp","href":"https:\/\/api.w.org\/{rel}","templated":true}]}}