{"id":24219,"date":"2022-02-20T00:11:42","date_gmt":"2022-02-20T03:11:42","guid":{"rendered":"https:\/\/famaura.com.br\/home\/?page_id=24219"},"modified":"2024-01-28T00:50:07","modified_gmt":"2024-01-28T03:50:07","slug":"cupons","status":"publish","type":"page","link":"https:\/\/famaura.com.br\/home\/cupons\/","title":{"rendered":"Cupons"},"content":{"rendered":"<div id=\"sp-page\" class=\"spBgcover sp-content-1\" style=\"background-color: rgb(255, 255, 255); font-family: Poppins, sans-serif; font-weight: 400;\">\n<section id=\"sp-itiowj\" data-mobile-visibility=\"#sp-itiowj|false\" data-tablet-visibility=\"#sp-itiowj|false\" data-desktop-visibility=\"#sp-itiowj|false\" data-mobile-css=\"\" data-tablet-css=\"\" class=\"sp-el-section \" style=\"background-color: rgb(244, 206, 208); width: 100%; max-width: 100%;\">\n<div id=\"sp-hf82wb\" data-mobile-visibility=\"#sp-hf82wb|false\" data-tablet-visibility=\"#sp-hf82wb|false\" data-desktop-visibility=\"#sp-hf82wb|false\" data-mobile-css=\"\" data-tablet-css=\"\" class=\"sp-el-row sm:sp-flex sp-w-full  sp-m-auto sp-justify-between\" style=\"background-color: rgb(244, 206, 208);\">\n<div id=\"sp-s0gf1u\" data-mobile-visibility=\"#sp-s0gf1u|false\" data-tablet-visibility=\"#sp-s0gf1u|false\" data-desktop-visibility=\"#sp-s0gf1u|false\" data-mobile-css=\"\" data-tablet-css=\"\" class=\"sp-el-col  sp-w-full\" style=\"width: calc(100% + 0px);\">\n<h1 id=\"sp-wdsb7f\" data-mobile-css=\".sp-headline-block-wdsb7f, #sp-wdsb7f, #wdsb7f|text-align:center;\" data-tablet-css=\".sp-headline-block-wdsb7f, #sp-wdsb7f, #wdsb7f|text-align:center;\" data-mobile-visibility=\".sp-headline-block-wdsb7f|false\" data-tablet-visibility=\".sp-headline-block-wdsb7f|false\" data-desktop-visibility=\".sp-headline-block-wdsb7f|false\" class=\"sp-css-target sp-el-block sp-headline-block-wdsb7f sp-type-header\" style=\"font-size: 67px; color: rgb(255, 255, 255); text-align: center; margin: 0px;\">cupons | 2024 | regras<\/h1>\n<\/div>\n<\/div>\n<div id=\"sp-tfxmwi\" data-mobile-visibility=\"#sp-tfxmwi|false\" data-tablet-visibility=\"#sp-tfxmwi|false\" data-desktop-visibility=\"#sp-tfxmwi|false\" data-mobile-css=\"\" data-tablet-css=\"\" class=\"sp-el-row sm:sp-flex sp-w-full  sp-m-auto sp-justify-between\">\n<div id=\"sp-w7uraf\" data-mobile-visibility=\"#sp-w7uraf|false\" data-tablet-visibility=\"#sp-w7uraf|false\" data-desktop-visibility=\"#sp-w7uraf|false\" data-mobile-css=\"\" data-tablet-css=\"\" class=\"sp-el-col  sp-w-full\" style=\"width: calc(100% + 0px);\">\n<div id=\"sp-button-parent-xq6ofv\" data-mobile-css=\"#sp-button-parent-xq6ofv|text-align:center;\" data-tablet-css=\"#sp-button-parent-xq6ofv|text-align:center;\" class=\"sp-button-wrapper sp-el-block\" style=\"margin: 0px; text-align: center;\"><a href=\"https:\/\/famaura.com.br\/home\/shop\/\" id=\"sp-xq6ofv\" data-mobile-css=\"\" data-tablet-css=\"\" data-mobile-visibility=\".sp-button-xq6ofv|false\" data-tablet-visibility=\".sp-button-xq6ofv|false\" data-desktop-visibility=\".sp-button-xq6ofv|false\" target=\"\" rel=\"noopener\" class=\"sp-button sp-css-target sp-text-center sp-inline-block sp-leading-none sp-button-xq6ofv\" style=\"font-size: 22px; background: rgb(217, 142, 139); color: rgb(255, 255, 255); width: auto; padding: 16px 20px;\"><span>LOJA<\/span><\/a><\/div>\n<\/div>\n<\/div>\n<\/section>\n<section id=\"sp-hi9414\" data-mobile-visibility=\"#sp-hi9414|false\" data-tablet-visibility=\"#sp-hi9414|false\" data-desktop-visibility=\"#sp-hi9414|false\" data-mobile-css=\"\" data-tablet-css=\"\" class=\"sp-el-section \" style=\"background-color: rgb(244, 206, 208); width: 100%; max-width: 100%;\">\n<div id=\"sp-styjdm\" data-mobile-visibility=\"#sp-styjdm|false\" data-tablet-visibility=\"#sp-styjdm|false\" data-desktop-visibility=\"#sp-styjdm|false\" data-mobile-css=\"\" data-tablet-css=\"\" class=\"sp-el-row sm:sp-flex sp-w-full  sp-m-auto sp-justify-between\">\n<div id=\"sp-zsx2jq\" data-mobile-visibility=\"#sp-zsx2jq|false\" data-tablet-visibility=\"#sp-zsx2jq|false\" data-desktop-visibility=\"#sp-zsx2jq|false\" data-mobile-css=\"\" data-tablet-css=\"\" class=\"sp-el-col  sp-w-full\" style=\"width: calc(50% + 0px);\">\n<h1 id=\"sp-evlsbo\" data-mobile-css=\".sp-headline-block-evlsbo, #sp-evlsbo, #evlsbo|text-align:center;\" data-tablet-css=\".sp-headline-block-evlsbo, #sp-evlsbo, #evlsbo|text-align:center;\" data-mobile-visibility=\".sp-headline-block-evlsbo|false\" data-tablet-visibility=\".sp-headline-block-evlsbo|false\" data-desktop-visibility=\".sp-headline-block-evlsbo|false\" class=\"sp-css-target sp-el-block sp-headline-block-evlsbo sp-type-header\" style=\"text-align: center; margin: 0px;\">CUPOM DE DESCONTO<\/h1>\n<div id=\"sp-rl8zp5\" data-mobile-css=\".sp-text-wrapper-rl8zp5, #sp-rl8zp5, #rl8zp5|text-align:left;\" data-tablet-css=\".sp-text-wrapper-rl8zp5, #sp-rl8zp5, #rl8zp5|text-align:left;\" data-mobile-visibility=\".sp-text-wrapper-rl8zp5|false\" data-tablet-visibility=\".sp-text-wrapper-rl8zp5|false\" data-desktop-visibility=\".sp-text-wrapper-rl8zp5|false\" class=\"sp-css-target sp-text-wrapper sp-el-block sp-text-block-style sp-text-wrapper-rl8zp5\" style=\"margin: 0px; text-align: left;\">\n<p style=\"text-align: left;\"><span style=\"color: #808080;\">Sempre disponibilizamos v\u00e1rias promo\u00e7\u00f5es para clientes FaMaura poder adquirir os produtos que desejam.<\/p>\n<p>No momento n\u00e3o temos cupons dispon\u00edveis.<br \/>Alguns cupons s\u00e3o disponibilizados nas nossas comunidades do whats e tele, entre l\u00e1 para n\u00e3o perder nada!<\/span><\/p>\n<\/div>\n<\/div>\n<div id=\"sp-uibo48\" data-mobile-visibility=\"#sp-uibo48|false\" data-tablet-visibility=\"#sp-uibo48|false\" data-desktop-visibility=\"#sp-uibo48|false\" data-mobile-css=\"\" data-tablet-css=\"\" class=\"sp-el-col  sp-w-full\" style=\"width: calc(50% + 0px);\">\n<h1 id=\"sp-qko8nt\" data-mobile-css=\".sp-headline-block-qko8nt, #sp-qko8nt, #qko8nt|text-align:center;\" data-tablet-css=\".sp-headline-block-qko8nt, #sp-qko8nt, #qko8nt|text-align:center;\" data-mobile-visibility=\".sp-headline-block-qko8nt|false\" data-tablet-visibility=\".sp-headline-block-qko8nt|false\" data-desktop-visibility=\".sp-headline-block-qko8nt|false\" class=\"sp-css-target sp-el-block sp-headline-block-qko8nt sp-type-header\" style=\"text-align: center; margin: 0px;\">rESGATE de pontos<\/h1>\n<div id=\"w6jl8n\" data-mobile-css=\".sp-text-wrapper-w6jl8n, #sp-w6jl8n, #w6jl8n|text-align:left;\" data-tablet-css=\".sp-text-wrapper-w6jl8n, #sp-w6jl8n, #w6jl8n|text-align:left;\" data-mobile-visibility=\".sp-text-wrapper-w6jl8n|false\" data-tablet-visibility=\".sp-text-wrapper-w6jl8n|false\" data-desktop-visibility=\".sp-text-wrapper-w6jl8n|false\" class=\"sp-css-target sp-text-wrapper sp-el-block sp-text-block-style sp-text-wrapper-w6jl8n mce-content-body html4-captions\" style=\"margin: 0px; text-align: left; position: relative;\"  >\n<p style=\"text-align: left;\" data-mce-style=\"text-align: left;\"><span style=\"color: #808080;\" data-mce-style=\"color: #808080;\">Todas as clientes tem acesso ao resgate de pontos, a cada compra realizada na loja voc\u00ea acumula pontos e pode resgatar quando quiser.<\/span><\/p>\n<p style=\"text-align: left;\" data-mce-style=\"text-align: left;\"><span style=\"color: #808080;\" data-mce-style=\"color: #808080;\"><br \/>Todos os pontos acumulados durante o ano devem ser utilizados at\u00e9 o \u00faltimo dia do ano vigente.<\/span><\/p>\n<\/div>\n<\/div>\n<\/div>\n<div id=\"sp-our8pl\" data-mobile-visibility=\"#sp-our8pl|false\" data-tablet-visibility=\"#sp-our8pl|false\" data-desktop-visibility=\"#sp-our8pl|false\" data-mobile-css=\"\" data-tablet-css=\"\" class=\"sp-el-row sm:sp-flex sp-w-full  sp-m-auto sp-justify-between\">\n<div id=\"sp-rj29tx\" data-mobile-visibility=\"#sp-rj29tx|false\" data-tablet-visibility=\"#sp-rj29tx|false\" data-desktop-visibility=\"#sp-rj29tx|false\" data-mobile-css=\"\" data-tablet-css=\"\" class=\"sp-el-col  sp-w-full\" style=\"width: calc(50% + 0px);\">\n<h1 id=\"sp-y98s3h\" data-mobile-css=\".sp-headline-block-y98s3h, #sp-y98s3h, #y98s3h|text-align:center;\" data-tablet-css=\".sp-headline-block-y98s3h, #sp-y98s3h, #y98s3h|text-align:center;\" data-mobile-visibility=\".sp-headline-block-y98s3h|false\" data-tablet-visibility=\".sp-headline-block-y98s3h|false\" data-desktop-visibility=\".sp-headline-block-y98s3h|false\" class=\"sp-css-target sp-el-block sp-headline-block-y98s3h sp-type-header\" style=\"text-align: center; margin: 0px;\">cashback<\/h1>\n<div id=\"sp-hls6sz\" data-mobile-css=\".sp-text-wrapper-hls6sz, #sp-hls6sz, #hls6sz|text-align:left;\" data-tablet-css=\".sp-text-wrapper-hls6sz, #sp-hls6sz, #hls6sz|text-align:left;\" data-mobile-visibility=\".sp-text-wrapper-hls6sz|false\" data-tablet-visibility=\".sp-text-wrapper-hls6sz|false\" data-desktop-visibility=\".sp-text-wrapper-hls6sz|false\" class=\"sp-css-target sp-text-wrapper sp-el-block sp-text-block-style sp-text-wrapper-hls6sz\" style=\"margin: 0px; text-align: left;\">\n<p style=\"text-align: left;\"><span style=\"color: #808080;\">O nosso cashback \u00e9 liberado em a\u00e7\u00f5es especiais durante o ano, s\u00e3o sempre informadas nas redes sociais, comunidade e newsletter da loja.<br \/>Por isso \u00e9 importante sempre estar atento(a)<\/p>\n<p>Nosso cashback entra em cr\u00e9dito para ser usado na loja.<br \/>voc\u00ea pode ver na sua conta quando disponivel para uso.<\/span><\/p>\n<\/div>\n<\/div>\n<div id=\"sp-llpbnz\" data-mobile-visibility=\"#sp-llpbnz|false\" data-tablet-visibility=\"#sp-llpbnz|false\" data-desktop-visibility=\"#sp-llpbnz|false\" data-mobile-css=\"\" data-tablet-css=\"\" class=\"sp-el-col  sp-w-full\" style=\"width: calc(50% + 0px);\">\n<h1 id=\"sp-qeva5p\" data-mobile-css=\".sp-headline-block-qeva5p, #sp-qeva5p, #qeva5p|text-align:center;\" data-tablet-css=\".sp-headline-block-qeva5p, #sp-qeva5p, #qeva5p|text-align:center;\" data-mobile-visibility=\".sp-headline-block-qeva5p|false\" data-tablet-visibility=\".sp-headline-block-qeva5p|false\" data-desktop-visibility=\".sp-headline-block-qeva5p|false\" class=\"sp-css-target sp-el-block sp-headline-block-qeva5p sp-type-header\" style=\"text-align: center; margin: 0px;\">rESGATE de pontos<\/h1>\n<div id=\"sp-kp77e0\" data-mobile-css=\".sp-text-wrapper-kp77e0, #sp-kp77e0, #kp77e0|text-align:left;\" data-tablet-css=\".sp-text-wrapper-kp77e0, #sp-kp77e0, #kp77e0|text-align:left;\" data-mobile-visibility=\".sp-text-wrapper-kp77e0|false\" data-tablet-visibility=\".sp-text-wrapper-kp77e0|false\" data-desktop-visibility=\".sp-text-wrapper-kp77e0|false\" class=\"sp-css-target sp-text-wrapper sp-el-block sp-text-block-style sp-text-wrapper-kp77e0\" style=\"margin: 0px; text-align: left;\">\n<p style=\"text-align: left;\"><span style=\"color: #808080;\">Todas as clientes tem acesso ao resgate de pontos, a cada compra realizada na loja voc\u00ea acumula pontos e pode resgatar quando quiser.<br \/>Todos os pontos acumulados durante o ano devem ser utilizados at\u00e9 o \u00faltimo dia do ano vigente.<\/span><\/p>\n<\/div>\n<\/div>\n<\/div>\n<div id=\"sp-g9z8w7\" data-mobile-visibility=\"#sp-g9z8w7|false\" data-tablet-visibility=\"#sp-g9z8w7|false\" data-desktop-visibility=\"#sp-g9z8w7|false\" data-mobile-css=\"\" data-tablet-css=\"\" class=\"sp-el-row sm:sp-flex sp-w-full  sp-m-auto sp-justify-between\">\n<div id=\"sp-smwsra\" data-mobile-visibility=\"#sp-smwsra|false\" data-tablet-visibility=\"#sp-smwsra|false\" data-desktop-visibility=\"#sp-smwsra|false\" data-mobile-css=\"\" data-tablet-css=\"\" class=\"sp-el-col  sp-w-full\" style=\"width: calc(50% + 0px);\">\n<h1 id=\"sp-q0w11t\" data-mobile-css=\".sp-headline-block-q0w11t, #sp-q0w11t, #q0w11t|text-align:center;\" data-tablet-css=\".sp-headline-block-q0w11t, #sp-q0w11t, #q0w11t|text-align:center;\" data-mobile-visibility=\".sp-headline-block-q0w11t|false\" data-tablet-visibility=\".sp-headline-block-q0w11t|false\" data-desktop-visibility=\".sp-headline-block-q0w11t|false\" class=\"sp-css-target sp-el-block sp-headline-block-q0w11t sp-type-header\" style=\"text-align: center; margin: 0px;\">nosso black friday<\/h1>\n<div id=\"sp-fa2uk2\" data-mobile-css=\".sp-text-wrapper-fa2uk2, #sp-fa2uk2, #fa2uk2|text-align:left;\" data-tablet-css=\".sp-text-wrapper-fa2uk2, #sp-fa2uk2, #fa2uk2|text-align:left;\" data-mobile-visibility=\".sp-text-wrapper-fa2uk2|false\" data-tablet-visibility=\".sp-text-wrapper-fa2uk2|false\" data-desktop-visibility=\".sp-text-wrapper-fa2uk2|false\" class=\"sp-css-target sp-text-wrapper sp-el-block sp-text-block-style sp-text-wrapper-fa2uk2\" style=\"margin: 0px; text-align: left;\">\n<p style=\"text-align: left;\"><span style=\"color: #808080;\">Todos os anos fazemos a\u00e7\u00f5es especiais.<br \/>Fique atento(a) para n\u00e3o perder.<\/span><\/p>\n<\/div>\n<\/div>\n<div id=\"sp-pxl8s0\" data-mobile-visibility=\"#sp-pxl8s0|false\" data-tablet-visibility=\"#sp-pxl8s0|false\" data-desktop-visibility=\"#sp-pxl8s0|false\" data-mobile-css=\"\" data-tablet-css=\"\" class=\"sp-el-col  sp-w-full\" style=\"width: calc(50% + 0px);\">\n<h1 id=\"sp-blsud3\" data-mobile-css=\".sp-headline-block-blsud3, #sp-blsud3, #blsud3|text-align:center;\" data-tablet-css=\".sp-headline-block-blsud3, #sp-blsud3, #blsud3|text-align:center;\" data-mobile-visibility=\".sp-headline-block-blsud3|false\" data-tablet-visibility=\".sp-headline-block-blsud3|false\" data-desktop-visibility=\".sp-headline-block-blsud3|false\" class=\"sp-css-target sp-el-block sp-headline-block-blsud3 sp-type-header\" style=\"text-align: center; margin: 0px;\">promo\u00e7\u00f5es sazonais<\/h1>\n<div id=\"sp-zh8uci\" data-mobile-css=\".sp-text-wrapper-zh8uci, #sp-zh8uci, #zh8uci|text-align:left;\" data-tablet-css=\".sp-text-wrapper-zh8uci, #sp-zh8uci, #zh8uci|text-align:left;\" data-mobile-visibility=\".sp-text-wrapper-zh8uci|false\" data-tablet-visibility=\".sp-text-wrapper-zh8uci|false\" data-desktop-visibility=\".sp-text-wrapper-zh8uci|false\" class=\"sp-css-target sp-text-wrapper sp-el-block sp-text-block-style sp-text-wrapper-zh8uci\" style=\"margin: 0px; text-align: left;\">\n<p style=\"text-align: left;\"><span style=\"color: #808080;\">Todos os anos fazemos a\u00e7\u00f5es especiais.<br \/>Fique atento(a) para n\u00e3o perder.<\/span><\/p>\n<\/div>\n<\/div>\n<\/div>\n<\/section>\n<section id=\"sp-o9pnl5\" data-mobile-visibility=\"#sp-o9pnl5|false\" data-tablet-visibility=\"#sp-o9pnl5|false\" data-desktop-visibility=\"#sp-o9pnl5|false\" data-mobile-css=\"\" data-tablet-css=\"\" class=\"sp-el-section \" style=\"background-color: rgb(244, 206, 208); width: 100%; max-width: 100%;\">\n<div id=\"sp-uk7fz2\" data-mobile-visibility=\"#sp-uk7fz2|false\" data-tablet-visibility=\"#sp-uk7fz2|false\" data-desktop-visibility=\"#sp-uk7fz2|false\" data-mobile-css=\"\" data-tablet-css=\"\" class=\"sp-el-row sm:sp-flex sp-w-full  sp-m-auto sp-justify-between\">\n<div id=\"sp-qwy3yq\" data-mobile-visibility=\"#sp-qwy3yq|false\" data-tablet-visibility=\"#sp-qwy3yq|false\" data-desktop-visibility=\"#sp-qwy3yq|false\" data-mobile-css=\"\" data-tablet-css=\"\" class=\"sp-el-col  sp-w-full\" style=\"width: calc(100% + 0px);\">\n<div id=\"sp-sin0j3\" data-mobile-css=\".sp-text-wrapper-sin0j3, #sp-sin0j3, #sin0j3|text-align:left;\" data-tablet-css=\".sp-text-wrapper-sin0j3, #sp-sin0j3, #sin0j3|text-align:left;\" data-mobile-visibility=\".sp-text-wrapper-sin0j3|false\" data-tablet-visibility=\".sp-text-wrapper-sin0j3|false\" data-desktop-visibility=\".sp-text-wrapper-sin0j3|false\" class=\"sp-css-target sp-text-wrapper sp-el-block sp-text-block-style sp-text-wrapper-sin0j3\" style=\"font-size: 24px; margin: 0px; text-align: left;\">\n<p style=\"text-align: center;\"><span style=\"color: #808080;\">Todos os direitos reservados por FaMaura&nbsp;<\/span><br \/><span style=\"color: #808080;\">Apoie, participe e compartilhe!<\/span><br \/><span style=\"color: #808080;\">Happy Scrap!<\/span><\/p>\n<\/div>\n<\/div>\n<\/div>\n<\/section>\n<\/div>\n","protected":false},"excerpt":{"rendered":"<p>cupons | 2024 | regras LOJA CUPOM DE DESCONTO Sempre disponibilizamos v\u00e1rias promo\u00e7\u00f5es para clientes FaMaura poder adquirir os produtos que desejam. No momento n\u00e3o temos cupons dispon\u00edveis.Alguns cupons s\u00e3o disponibilizados nas nossas comunidades do whats e tele, entre l\u00e1 para n\u00e3o perder nada! rESGATE de pontos Todas as clientes tem acesso ao resgate de pontos, a cada compra realizada na loja voc\u00ea acumula pontos e pode resgatar quando quiser. Todos os pontos acumulados durante o ano devem ser utilizados at\u00e9 o \u00faltimo dia do ano vigente. cashback O nosso&hellip;<\/p>\n","protected":false},"author":1,"featured_media":0,"parent":0,"menu_order":0,"comment_status":"closed","ping_status":"closed","template":"elementor_theme","meta":{"jetpack_post_was_ever_published":false,"footnotes":""},"class_list":["post-24219","page","type-page","status-publish","hentry"],"jetpack_sharing_enabled":true,"_links":{"self":[{"href":"https:\/\/famaura.com.br\/home\/wp-json\/wp\/v2\/pages\/24219","targetHints":{"allow":["GET"]}}],"collection":[{"href":"https:\/\/famaura.com.br\/home\/wp-json\/wp\/v2\/pages"}],"about":[{"href":"https:\/\/famaura.com.br\/home\/wp-json\/wp\/v2\/types\/page"}],"author":[{"embeddable":true,"href":"https:\/\/famaura.com.br\/home\/wp-json\/wp\/v2\/users\/1"}],"replies":[{"embeddable":true,"href":"https:\/\/famaura.com.br\/home\/wp-json\/wp\/v2\/comments?post=24219"}],"version-history":[{"count":14,"href":"https:\/\/famaura.com.br\/home\/wp-json\/wp\/v2\/pages\/24219\/revisions"}],"predecessor-version":[{"id":34811,"href":"https:\/\/famaura.com.br\/home\/wp-json\/wp\/v2\/pages\/24219\/revisions\/34811"}],"wp:attachment":[{"href":"https:\/\/famaura.com.br\/home\/wp-json\/wp\/v2\/media?parent=24219"}],"curies":[{"name":"wp","href":"https:\/\/api.w.org\/{rel}","templated":true}]}}