{"id":25331,"date":"2022-05-10T03:59:49","date_gmt":"2022-05-10T06:59:49","guid":{"rendered":"https:\/\/famaura.com.br\/home\/?page_id=25331"},"modified":"2022-05-13T03:11:59","modified_gmt":"2022-05-13T06:11:59","slug":"sobre-famaura","status":"publish","type":"page","link":"https:\/\/famaura.com.br\/home\/sobre-famaura\/","title":{"rendered":"Sobre FaMaura"},"content":{"rendered":"\n<figure class=\"wp-block-image size-medium is-style-rounded\"><img decoding=\"async\" src=\"https:\/\/famaura.com.br\/home\/wp-content\/uploads\/2022\/05\/IMG_20220218_180303-copiar-2-300x283.jpg\" alt=\"\" class=\"wp-image-25361\" title=\"FaMaura\"\/><\/figure>\n\n\n\n<p>Ol\u00e1, tudo bem com voc\u00ea?<br>Prazer, eu sou Fabiana Maura, estou por aqui criando lindezas para te ajudar nos seus projetos de scrapbook e mundo craft, para eternizar as suas mem\u00f3rias de forma criativa que envolve o scrapbooking.<br><br>Eu fa\u00e7o scrap desde 2007, foi ai que nasceu FaMaura Designs, com muita dedica\u00e7\u00e3o, muita curiosidade fui aprendendo sozinha essa arte maravilhosa da cria\u00e7\u00e3o de produtos digitais.<br>Em meados de 2010, me encantei por papelaria personalizada, foi ai que fui correr atr\u00e1s de aprender a criar os arquivos de corte para serem usados nas plotters.<br><br>Sempre tive necessidade de ensinar a usar os kits digitais de forma criativa e f\u00e1cil, foi que ent\u00e3o surgiram os v\u00eddeos l\u00e1 do canal, para ensinar gratuitamente, com muito amor, afinal todo mundo consegue e pode, basta se dedicar, eu sou a prova viva disso, aprendi muita coisa vendo v\u00eddeos e quero te ajudar tamb\u00e9m a fazer essa arte.<br><br>Amo toda parte de cria\u00e7\u00e3o dos produtos, organiza\u00e7\u00e3o,  implementa\u00e7\u00e3o da loja, divulga\u00e7\u00e3o, contato com as clientes, marketing, grava\u00e7\u00e3o, edi\u00e7\u00e3o e fa\u00e7o sozinha, porque gosto, curto muito todo esse processo, amo aprender coisas novas, sempre buscando inovar para poder sempre atender melhor voc\u00ea.<br><br>A minha maior motiva\u00e7\u00e3o \u00e9 criar lindezas para ver oque voc\u00ea pode criar com elas, s\u00e3o infinitas possibilidades, caso voc\u00ea tenha alguma d\u00favida ou precise de ajuda me escreva, terei o maior prazer em te ajudar em forma de texto ou at\u00e9 em um v\u00eddeo explicativo.<br><br>Estou aqui para isso, criar e te ajudar a desenvolver os projetos com os meus produtos digitais.<br>Realmente \u00e9 muito amor envolvido, espero que ai do outro lado voc\u00ea sinta esse carinho, dedica\u00e7\u00e3o e amor que tenho pelo scrap.<br><br>Happy Scrap!<br>Beijos<br>Fa<\/p>\n","protected":false},"excerpt":{"rendered":"<p>Ol\u00e1, tudo bem com voc\u00ea?Prazer, eu sou Fabiana Maura, estou por aqui criando lindezas para te ajudar nos seus projetos de scrapbook e mundo craft, para eternizar as suas mem\u00f3rias de forma criativa que envolve o scrapbooking. Eu fa\u00e7o scrap desde 2007, foi ai que nasceu FaMaura Designs, com muita dedica\u00e7\u00e3o, muita curiosidade fui aprendendo sozinha essa arte maravilhosa da cria\u00e7\u00e3o de produtos digitais.Em meados de 2010, me encantei por papelaria personalizada, foi ai que fui correr atr\u00e1s de aprender a criar os arquivos de corte para serem usados nas&hellip;<\/p>\n","protected":false},"author":1,"featured_media":0,"parent":0,"menu_order":0,"comment_status":"closed","ping_status":"closed","template":"","meta":{"jetpack_post_was_ever_published":false,"footnotes":""},"class_list":["post-25331","page","type-page","status-publish","hentry"],"jetpack_sharing_enabled":true,"_links":{"self":[{"href":"https:\/\/famaura.com.br\/home\/wp-json\/wp\/v2\/pages\/25331","targetHints":{"allow":["GET"]}}],"collection":[{"href":"https:\/\/famaura.com.br\/home\/wp-json\/wp\/v2\/pages"}],"about":[{"href":"https:\/\/famaura.com.br\/home\/wp-json\/wp\/v2\/types\/page"}],"author":[{"embeddable":true,"href":"https:\/\/famaura.com.br\/home\/wp-json\/wp\/v2\/users\/1"}],"replies":[{"embeddable":true,"href":"https:\/\/famaura.com.br\/home\/wp-json\/wp\/v2\/comments?post=25331"}],"version-history":[{"count":0,"href":"https:\/\/famaura.com.br\/home\/wp-json\/wp\/v2\/pages\/25331\/revisions"}],"wp:attachment":[{"href":"https:\/\/famaura.com.br\/home\/wp-json\/wp\/v2\/media?parent=25331"}],"curies":[{"name":"wp","href":"https:\/\/api.w.org\/{rel}","templated":true}]}}