{"id":25682,"date":"2022-07-06T15:42:33","date_gmt":"2022-07-06T18:42:33","guid":{"rendered":"https:\/\/famaura.com.br\/home\/?page_id=25682"},"modified":"2023-12-08T16:11:08","modified_gmt":"2023-12-08T19:11:08","slug":"maratonacriativa1","status":"publish","type":"page","link":"https:\/\/famaura.com.br\/home\/maratonacriativa1\/","title":{"rendered":"Maratona Criativa"},"content":{"rendered":"\n<div id=\"section-g972fbf\" class=\"wp-block-gutentor-e1 section-g972fbf gutentor-element gutentor-element-advanced-text\"><div class=\"gutentor-text-wrap\"><p class=\"gutentor-text\">Bem vindo a Maratona Criativa FaMaura.<br><br>A Maratona foi criada para te dar a oportunidade de conhecer os produtos FaMaura por um valor acess\u00edvel e poder criar projetos diversos com o mesmo Kit Digital.<br><br>As professoras s\u00e3o do Time Criativo e Convidadas, todas elas com experi\u00eancia no scrap, disponibilizando o conte\u00fado de forma gratuita, para toda a comunidade do scrap, em lives no instagram.<br><br><\/p><\/div><\/div>\n\n\n\n<div id=\"section-g6a9bb0\" class=\"wp-block-gutentor-e7 section-g6a9bb0 gutentor-element gutentor-element-list\"><ul class=\"grid-row gutentor-grid-item-wrap list-indicator-icon\"><li class=\"gutentor-list-item grid-lg-12 grid-md-12 grid-12\"><span class=\"gutentor-single-item gutentor-single-item-0\"><span class=\"gutentor-list-item-wrap g-s-list-wrap\"><span class=\"gutentor-single-list-item-icon\"><i class=\"list-item-icon fas fa-arrow-right\"><\/i><\/span><span class=\"gutentor-list-item\"><p class=\"gutentor-single-item-title\"><a href=\"https:\/\/famaura.com.br\/home\/maratona-criativa\/maratona-criativa1\/\">1\u00aa Maratona Criativa FaMaura | 6 &#8211; 10 junho 2022 | Mini Kit Love<\/a><\/p><\/span><\/span><\/span><\/li><li class=\"gutentor-list-item grid-lg-12 grid-md-12 grid-12\"><span class=\"gutentor-single-item gutentor-single-item-1\"><span class=\"gutentor-list-item-wrap g-s-list-wrap\"><span class=\"gutentor-single-list-item-icon\"><i class=\"list-item-icon fas fa-arrow-right\"><\/i><\/span><span class=\"gutentor-list-item\"><p class=\"gutentor-single-item-title\"><a href=\"https:\/\/famaura.com.br\/home\/maratona-criativa\/maratona-criativa2\/\"> 2\u00aa Maratona Criativa FaMaura | 30 de junho \u2013 08 julho 2022 | Kit Mem\u00f3rias para a Vida<\/a><\/p><\/span><\/span><\/span><\/li><li class=\"gutentor-list-item grid-lg-12 grid-md-12 grid-12\"><span class=\"gutentor-single-item gutentor-single-item-2\"><span class=\"gutentor-list-item-wrap g-s-list-wrap\"><span class=\"gutentor-single-list-item-icon\"><i class=\"list-item-icon fas fa-arrow-right\"><\/i><\/span><span class=\"gutentor-list-item\"><p class=\"gutentor-single-item-title\"><a href=\"https:\/\/famaura.com.br\/home\/maratona-criativa\/maratona-criativa3\/\">3\u00aa Maratona Criativa FaMaura | 1 \u2013 7 agosto 2022 | KitFrutificai<\/a><\/p><\/span><\/span><\/span><\/li><li class=\"gutentor-list-item grid-lg-12 grid-md-12 grid-12\"><span class=\"gutentor-single-item gutentor-single-item-3\"><span class=\"gutentor-list-item-wrap g-s-list-wrap\"><span class=\"gutentor-single-list-item-icon\"><i class=\"list-item-icon fas fa-arrow-right\"><\/i><\/span><span class=\"gutentor-list-item\"><p class=\"gutentor-single-item-title\"><a href=\"https:\/\/famaura.com.br\/home\/4a-maratona-criativa-30-de-abril-06-de-maio-2023-kit-meu-scrap\/\">4\u00aa Maratona Criativa FaMaura | 30 de abril &#8211; 06 maio 2023 | Kit Meu Scrap<\/a><\/p><\/span><\/span><\/span><\/li><li class=\"gutentor-list-item grid-lg-12 grid-md-12 grid-12\"><span class=\"gutentor-single-item gutentor-single-item-4\"><span class=\"gutentor-list-item-wrap g-s-list-wrap\"><span class=\"gutentor-single-list-item-icon\"><i class=\"list-item-icon fas fa-arrow-right\"><\/i><\/span><span class=\"gutentor-list-item\"><p class=\"gutentor-single-item-title\"><a href=\"https:\/\/famaura.com.br\/home\/maratona-criativa-julho-2023\/\">5\u00aa Maratona Criativa | 02 &#8211; 07 de julho 2023 | Kit Meu Jeans<\/a><\/p><\/span><\/span><\/span><\/li><li class=\"gutentor-list-item grid-lg-12 grid-md-12 grid-12\"><span class=\"gutentor-single-item gutentor-single-item-5\"><span class=\"gutentor-list-item-wrap g-s-list-wrap\"><span class=\"gutentor-single-list-item-icon\"><i class=\"list-item-icon fas fa-arrow-right\"><\/i><\/span><span class=\"gutentor-list-item\"><p class=\"gutentor-single-item-title\"><a href=\"https:\/\/famaura.com.br\/home\/maratona-criativa\/maratona-criativa-agosto-2023\/\">6\u00aa Maratona Criativa | 01 &#8211; 05 de agosto 2023 | Kit Meu Mel<\/a><\/p><\/span><\/span><\/span><\/li><li class=\"gutentor-list-item grid-lg-12 grid-md-12 grid-12\"><span class=\"gutentor-single-item gutentor-single-item-6\"><span class=\"gutentor-list-item-wrap g-s-list-wrap\"><span class=\"gutentor-single-list-item-icon\"><i class=\"list-item-icon fas fa-arrow-right\"><\/i><\/span><span class=\"gutentor-list-item\"><p class=\"gutentor-single-item-title\"><a href=\"https:\/\/famaura.com.br\/home\/maratona-criativa-sketches\/\">7\u00aa Maratona Criativa | 10 &#8211; 14 de setembro 2023 <\/a><\/p><\/span><\/span><\/span><\/li><li class=\"gutentor-list-item grid-lg-12 grid-md-12 grid-12\"><span class=\"gutentor-single-item gutentor-single-item-7\"><span class=\"gutentor-list-item-wrap g-s-list-wrap\"><span class=\"gutentor-single-list-item-icon\"><i class=\"list-item-icon fas fa-arrow-right\"><\/i><\/span><span class=\"gutentor-list-item\"><p class=\"gutentor-single-item-title\"><a href=\"https:\/\/famaura.com.br\/home\/8a-maratona-criativa-papel-e-tesoura\/\" data-type=\"link\" data-id=\"https:\/\/famaura.com.br\/home\/8a-maratona-criativa-papel-e-tesoura\/\">8\u00aa Maratona Criativa | 01 -06 Outubro 2023 | Kit Papel e Tesoura<\/a><\/p><\/span><\/span><\/span><\/li><li class=\"gutentor-list-item grid-lg-12 grid-md-12 grid-12\"><span class=\"gutentor-single-item gutentor-single-item-8\"><span class=\"gutentor-list-item-wrap g-s-list-wrap\"><span class=\"gutentor-single-list-item-icon\"><i class=\"list-item-icon fas fa-arrow-right\"><\/i><\/span><span class=\"gutentor-list-item\"><p class=\"gutentor-single-item-title\"><a href=\"https:\/\/famaura.com.br\/home\/9-maratona-criativa-famaura-natal-fofo\">9\u00aa Maratona Criativa | 05 -10 Novembro 2023 | Kit Natal Fofo<\/a><\/p><\/span><\/span><\/span><\/li><\/ul><\/div>\n\n\n\n<div id=\"section-ge50a9a\" class=\"wp-block-gutentor-e0 section-ge50a9a gutentor-element gutentor-element-advanced-text\"><div class=\"gutentor-text-wrap\"><p class=\"gutentor-text\"><br><br>Happy Scrap.<br>Beijos<br>Fa<\/p><\/div><\/div>\n","protected":false},"excerpt":{"rendered":"","protected":false},"author":1,"featured_media":0,"parent":0,"menu_order":0,"comment_status":"closed","ping_status":"closed","template":"elementor_theme","meta":{"jetpack_post_was_ever_published":false,"footnotes":""},"class_list":["post-25682","page","type-page","status-publish","hentry"],"jetpack_sharing_enabled":true,"_links":{"self":[{"href":"https:\/\/famaura.com.br\/home\/wp-json\/wp\/v2\/pages\/25682","targetHints":{"allow":["GET"]}}],"collection":[{"href":"https:\/\/famaura.com.br\/home\/wp-json\/wp\/v2\/pages"}],"about":[{"href":"https:\/\/famaura.com.br\/home\/wp-json\/wp\/v2\/types\/page"}],"author":[{"embeddable":true,"href":"https:\/\/famaura.com.br\/home\/wp-json\/wp\/v2\/users\/1"}],"replies":[{"embeddable":true,"href":"https:\/\/famaura.com.br\/home\/wp-json\/wp\/v2\/comments?post=25682"}],"version-history":[{"count":8,"href":"https:\/\/famaura.com.br\/home\/wp-json\/wp\/v2\/pages\/25682\/revisions"}],"predecessor-version":[{"id":34332,"href":"https:\/\/famaura.com.br\/home\/wp-json\/wp\/v2\/pages\/25682\/revisions\/34332"}],"wp:attachment":[{"href":"https:\/\/famaura.com.br\/home\/wp-json\/wp\/v2\/media?parent=25682"}],"curies":[{"name":"wp","href":"https:\/\/api.w.org\/{rel}","templated":true}]}}