{"id":27569,"date":"2018-05-08T19:14:37","date_gmt":"2018-05-08T22:14:37","guid":{"rendered":"https:\/\/famaura.com.br\/home\/?post_type=product&#038;p=27569"},"modified":"2025-08-26T21:17:32","modified_gmt":"2025-08-27T00:17:32","slug":"revista-digital-vintage-angels-maio-2018","status":"publish","type":"product","link":"https:\/\/famaura.com.br\/home\/produto\/revista-digital-vintage-angels-maio-2018\/","title":{"rendered":"Revista Digital | Vintage Angels | Maio 2018"},"content":{"rendered":"<p>Uma revista em que voc\u00ea pode saber um pouco mais sobre scrap digital, estilo e inspira\u00e7\u00f5es.<br \/>\nFormato PDF<\/p>\n","protected":false},"excerpt":{"rendered":"<p><span style=\"vertical-align: inherit;\"><span style=\"vertical-align: inherit;\">Uma revista em que voc\u00ea pode saber um pouco mais sobre scrap digital, estilo e inspira\u00e7\u00f5es.<\/span><\/span><br \/>\n<span style=\"vertical-align: inherit;\"><span style=\"vertical-align: inherit;\">Formato PDF<\/span><\/span><\/p>\n","protected":false},"featured_media":27570,"comment_status":"closed","ping_status":"closed","template":"","meta":{"jetpack_post_was_ever_published":false},"product_brand":[],"product_cat":[1013,790],"product_tag":[],"giftcard-category":[],"class_list":{"0":"post-27569","1":"product","2":"type-product","3":"status-publish","4":"has-post-thumbnail","6":"product_cat-bazaar","7":"product_cat-e-book-revista-digital","9":"first","10":"instock","11":"sale","12":"downloadable","13":"virtual","14":"sold-individually","15":"purchasable","16":"product-type-simple"},"jetpack_sharing_enabled":true,"_links":{"self":[{"href":"https:\/\/famaura.com.br\/home\/wp-json\/wp\/v2\/product\/27569","targetHints":{"allow":["GET"]}}],"collection":[{"href":"https:\/\/famaura.com.br\/home\/wp-json\/wp\/v2\/product"}],"about":[{"href":"https:\/\/famaura.com.br\/home\/wp-json\/wp\/v2\/types\/product"}],"replies":[{"embeddable":true,"href":"https:\/\/famaura.com.br\/home\/wp-json\/wp\/v2\/comments?post=27569"}],"version-history":[{"count":1,"href":"https:\/\/famaura.com.br\/home\/wp-json\/wp\/v2\/product\/27569\/revisions"}],"predecessor-version":[{"id":37937,"href":"https:\/\/famaura.com.br\/home\/wp-json\/wp\/v2\/product\/27569\/revisions\/37937"}],"wp:featuredmedia":[{"embeddable":true,"href":"https:\/\/famaura.com.br\/home\/wp-json\/wp\/v2\/media\/27570"}],"wp:attachment":[{"href":"https:\/\/famaura.com.br\/home\/wp-json\/wp\/v2\/media?parent=27569"}],"wp:term":[{"taxonomy":"product_brand","embeddable":true,"href":"https:\/\/famaura.com.br\/home\/wp-json\/wp\/v2\/product_brand?post=27569"},{"taxonomy":"product_cat","embeddable":true,"href":"https:\/\/famaura.com.br\/home\/wp-json\/wp\/v2\/product_cat?post=27569"},{"taxonomy":"product_tag","embeddable":true,"href":"https:\/\/famaura.com.br\/home\/wp-json\/wp\/v2\/product_tag?post=27569"},{"taxonomy":"giftcard-category","embeddable":true,"href":"https:\/\/famaura.com.br\/home\/wp-json\/wp\/v2\/giftcard-category?post=27569"}],"curies":[{"name":"wp","href":"https:\/\/api.w.org\/{rel}","templated":true}]}}